te the remainder when 3763 is divided by 312.
19
What is the remainder when 259 is divided by 56?
35
What is the remainder when 1112 is divided by 69?
8
What is the remainder when 46 is divided by 26?
20
What is the remainder when 77 is divided by 12?
5
Calculate the remainder when 416 is divided by 39.
26
What is the remainder when 217 is divided by 9?
1
What is the remainder when 306 is divided by 37?
10
Calculate the remainder when 193 is divided by 13.
11
What is the remainder when 35 is divided by 20?
15
Calculate the remainder when 526 is divided by 38.
32
Calculate the remainder when 122 is divided by 60.
2
What is the remainder when 755 is divided by 700?
55
What is the remainder when 402 is divided by 34?
28
Calculate the remainder when 353 is divided by 89.
86
What is the remainder when 581 is divided by 187?
20
Calculate the remainder when 8187 is divided by 195.
192
Calculate the remainder when 1231 is divided by 44.
43
Calculate the remainder when 151 is divided by 20.
11
Calculate the remainder when 312 is divided by 309.
3
Calculate the remainder when 683 is divided by 28.
11
What is the remainder when 148 is divided by 10?
8
What is the remainder when 1452 is divided by 16?
12
Calculate the remainder when 140 is divided by 85.
55
Calculate the remainder when 176 is divided by 46.
38
Calculate the remainder when 24512 is divided by 103.
101
Calculate the remainder when 73 is divided by 29.
15
Calculate the remainder when 857 is divided by 11.
10
Calculate the remainder when 252 is divided by 13.
5
Calculate the remainder when 687 is divided by 139.
131
What is the remainder when 35 is divided by 5?
0
Calculate the remainder when 238 is divided by 22.
18
What is the remainder when 431 is divided by 36?
35
Calculate the remainder when 808 is divided by 34.
26
Calculate the remainder when 1499 is divided by 100.
99
Calculate the remainder when 157 is divided by 14.
3
Calculate the remainder when 55 is divided by 31.
24
What is the remainder when 84 is divided by 25?
9
What is the remainder when 147 is divided by 4?
3
What is the remainder when 1485 is divided by 189?
162
Calculate the remainder when 1315 is divided by 184.
27
What is the remainder when 269 is divided by 96?
77
Calculate the remainder when 808 is divided by 22.
16
Calculate the remainder when 1401 is divided by 280.
1
Calculate the remainder when 3139 is divided by 444.
31
What is the remainder when 57 is divided by 29?
28
Calculate the remainder when 160 is divided by 18.
16
What is the remainder when 9428 is divided by 46?
44
Calculate the remainder when 356 is divided by 120.
116
What is the remainder when 1218 is divided by 13?
9
What is the remainder when 3010 is divided by 12?
10
What is the remainder when 253 is divided by 10?
3
Calculate the remainder when 108 is divided by 49.
10
Calculate the remainder when 461 is divided by 11.
10
What is the remainder when 8472 is divided by 80?
72
What is the remainder when 19 is divided by 4?
3
What is the remainder when 182 is divided by 30?
2
Calculate the remainder when 1145 is divided by 17.
6
What is the remainder when 2462 is divided by 13?
5
Calculate the remainder when 1738 is divided by 87.
85
What is the remainder when 1519 is divided by 492?
43
Calculate the remainder when 3557 is divided by 15.
2
What is the remainder when 254 is divided by 51?
50
What is the remainder when 45 is divided by 28?
17
Calculate the remainder when 132 is divided by 10.
2
What is the remainder when 1259 is divided by 30?
29
Calculate the remainder when 1889 is divided by 10.
9
What is the remainder when 243 is divided by 5?
3
Calculate the remainder when 116 is divided by 72.
44
Calculate the remainder when 722 is divided by 165.
62
Calculate the remainder when 945 is divided by 22.
21
What is the remainder when 615 is divided by 123?
0
What is the remainder when 18 is divided by 7?
4
Calculate the remainder when 285 is divided by 9.
6
Calculate the remainder when 3464 is divided by 15.
14
Calculate the remainder when 341 is divided by 22.
11
Calculate the remainder when 96 is divided by 29.
9
What is the remainder when 1675 is divided by 342?
307
What is the remainder when 84 is divided by 37?
10
Calculate the remainder when 34766 is divided by 212.
210
What is the remainder when 717 is divided by 55?
2
What is the remainder when 24566 is divided by 10?
6
What is the remainder when 257 is divided by 10?
7
What is the remainder when 486 is divided by 355?
131
Calculate the remainder when 16 is divided by 9.
7
What is the remainder when 86 is divided by 10?
6
What is the remainder when 312 is divided by 79?
75
What is the remainder when 6344 is divided by 576?
8
Calculate the remainder when 6485 is divided by 46.
45
Calculate the remainder when 1143 is divided by 52.
51
What is the remainder when 449 is divided by 15?
14
Calculate the remainder when 7832 is divided by 245.
237
What is the remainder when 351 is divided by 112?
15
Calculate the remainder when 46 is divided by 8.
6
Calculate the remainder when 519 is divided by 65.
64
Calculate the remainder when 2500 is divided by 501.
496
Calculate the remainder when 111 is divided by 29.
24
Calculate the remainder when 3917 is divided by 16.
13
What is the remainder when 49296 is divided by 157?
155
What is the remainder when 5210 is divided by 2?
0
What is the remainder when 92 is divided by 57?
35
What is the remainder when 579 is divided by 188?
15
What is the remainder when 270 is divided by 31?
22
What is the remainder when 8927 is divided by 44?
39
What is the remainder when 12 is divided by 4?
0
What is the remainder when 146 is divided by 19?
13
What is the remainder when 37 is divided by 23?
14
Calculate the remainder when 152 is divided by 5.
2
Calculate the remainder when 570 is divided by 323.
247
Calculate the remainder when 80 is divided by 23.
11
What is the remainder when 372 is divided by 184?
4
Calculate the remainder when 644 is divided by 62.
24
What is the remainder when 436 is divided by 87?
1
Calculate the remainder when 1159 is divided by 52.
15
Calculate the remainder when 76 is divided by 61.
15
Calculate the remainder when 230 is divided by 58.
56
Calculate the remainder when 327 is divided by 77.
19
What is the remainder when 100 is divided by 37?
26
Calculate the remainder when 3126 is divided by 51.
15
What is the remainder when 202 is divided by 9?
4
Calculate the remainder when 35 is divided by 28.
7
What is the remainder when 1177 is divided by 289?
21
Calculate the remainder when 418 is divided by 72.
58
What is the remainder when 165 is divided by 27?
3
What is the remainder when 269 is divided by 18?
17
Calculate the remainder when 126 is divided by 21.
0
What is the remainder when 3179 is divided by 65?
59
Calculate the remainder when 257 is divided by 11.
4
Calculate the remainder when 1545 is divided by 173.
161
What is the remainder when 8661 is divided by 81?
75
Calculate the remainder when 2036 is divided by 41.
27
What is the remainder when 2022 is divided by 135?
132
Calculate the remainder when 150 is divided by 40.
30
Calculate the remainder when 447 is divided by 70.
27
Calculate the remainder when 1332 is divided by 401.
129
What is the remainder when 87 is divided by 23?
18
What is the remainder when 175 is divided by 44?
43
Calculate the remainder when 25 is divided by 11.
3
What is the remainder when 53 is divided by 22?
9
Calculate the remainder when 8 is divided by 6.
2
What is the remainder when 751 is divided by 3?
1
Calculate the remainder when 780 is divided by 72.
60
Calculate the remainder when 546 is divided by 69.
63
What is the remainder when 1507 is divided by 42?
37
Calculate the remainder when 2268 is divided by 707.
147
Calculate the remainder when 675 is divided by 170.
165
Calculate the remainder when 1233 is divided by 12.
9
What is the remainder when 544 is divided by 131?
20
Calculate the remainder when 1450 is divided by 33.
31
Calculate the remainder when 227 is divided by 28.
3
What is the remainder when 783 is divided by 8?
7
What is the remainder when 452 is divided by 19?
15
Calculate the remainder when 1348 is divided by 25.
23
What is the remainder when 94 is divided by 3?
1
Calculate the remainder